{"id":120,"date":"2021-06-01T09:02:57","date_gmt":"2021-06-01T12:02:57","guid":{"rendered":"https:\/\/sabialaranjeira.eca.usp.br\/?page_id=120"},"modified":"2021-11-23T14:10:28","modified_gmt":"2021-11-23T17:10:28","slug":"foto","status":"publish","type":"page","link":"https:\/\/sabialaranjeira.eca.usp.br\/index.php\/foto\/","title":{"rendered":"Foto"},"content":{"rendered":"\n<div style=\"height:100px\" aria-hidden=\"true\" class=\"wp-block-spacer\"><\/div>\n\n\n\n<h2 class=\"has-text-align-center has-colibri-color-2-color has-text-color has-large-font-size wp-block-heading\"><strong>NOSSA GALERIA DE RECORDA\u00c7\u00d5ES:<\/strong><\/h2>\n\n\n\n<div style=\"height:100px\" aria-hidden=\"true\" class=\"wp-block-spacer\"><\/div>\n\n\n\n<figure class=\"wp-block-gallery columns-3 is-cropped wp-block-gallery-1 is-layout-flex wp-block-gallery-is-layout-flex\"><ul class=\"blocks-gallery-grid\"><li class=\"blocks-gallery-item\"><figure><img loading=\"lazy\" decoding=\"async\" width=\"1024\" height=\"768\" src=\"https:\/\/sabialaranjeira.eca.usp.br\/wp-content\/uploads\/2021\/06\/EMEI-Mario-Ary-Pires-Oficina-foto-1-1024x768.jpg\" alt=\"\" data-id=\"631\" data-full-url=\"https:\/\/sabialaranjeira.eca.usp.br\/wp-content\/uploads\/2021\/06\/EMEI-Mario-Ary-Pires-Oficina-foto-1.jpg\" data-link=\"https:\/\/sabialaranjeira.eca.usp.br\/emei-mario-ary-pires-oficina-foto-1\/\" class=\"wp-image-631\" srcset=\"https:\/\/sabialaranjeira.eca.usp.br\/wp-content\/uploads\/2021\/06\/EMEI-Mario-Ary-Pires-Oficina-foto-1-1024x768.jpg 1024w, https:\/\/sabialaranjeira.eca.usp.br\/wp-content\/uploads\/2021\/06\/EMEI-Mario-Ary-Pires-Oficina-foto-1-300x225.jpg 300w, https:\/\/sabialaranjeira.eca.usp.br\/wp-content\/uploads\/2021\/06\/EMEI-Mario-Ary-Pires-Oficina-foto-1-768x576.jpg 768w, https:\/\/sabialaranjeira.eca.usp.br\/wp-content\/uploads\/2021\/06\/EMEI-Mario-Ary-Pires-Oficina-foto-1.jpg 1158w\" sizes=\"auto, (max-width: 1024px) 100vw, 1024px\" \/><\/figure><\/li><li class=\"blocks-gallery-item\"><figure><img loading=\"lazy\" decoding=\"async\" width=\"1024\" height=\"768\" src=\"https:\/\/sabialaranjeira.eca.usp.br\/wp-content\/uploads\/2021\/06\/EMEI-Mario-Ary-Pires-Mais-de-tr\u00acs-20.10.2019-foto.jpg\" alt=\"\" data-id=\"630\" data-full-url=\"https:\/\/sabialaranjeira.eca.usp.br\/wp-content\/uploads\/2021\/06\/EMEI-Mario-Ary-Pires-Mais-de-tr\u00acs-20.10.2019-foto.jpg\" data-link=\"https:\/\/sabialaranjeira.eca.usp.br\/emei-mario-ary-pires-mais-de-tr%c2%acs-20-10-2019-foto\/\" class=\"wp-image-630\" srcset=\"https:\/\/sabialaranjeira.eca.usp.br\/wp-content\/uploads\/2021\/06\/EMEI-Mario-Ary-Pires-Mais-de-tr\u00acs-20.10.2019-foto.jpg 1024w, https:\/\/sabialaranjeira.eca.usp.br\/wp-content\/uploads\/2021\/06\/EMEI-Mario-Ary-Pires-Mais-de-tr\u00acs-20.10.2019-foto-300x225.jpg 300w, https:\/\/sabialaranjeira.eca.usp.br\/wp-content\/uploads\/2021\/06\/EMEI-Mario-Ary-Pires-Mais-de-tr\u00acs-20.10.2019-foto-768x576.jpg 768w\" sizes=\"auto, (max-width: 1024px) 100vw, 1024px\" \/><\/figure><\/li><li class=\"blocks-gallery-item\"><figure><img loading=\"lazy\" decoding=\"async\" width=\"1024\" height=\"768\" src=\"https:\/\/sabialaranjeira.eca.usp.br\/wp-content\/uploads\/2021\/06\/EMEI-Mario-Ary-Pires-Baiuo-de-Dois-27.11.2019-foto.jpg\" alt=\"\" data-id=\"629\" data-full-url=\"https:\/\/sabialaranjeira.eca.usp.br\/wp-content\/uploads\/2021\/06\/EMEI-Mario-Ary-Pires-Baiuo-de-Dois-27.11.2019-foto.jpg\" data-link=\"https:\/\/sabialaranjeira.eca.usp.br\/emei-mario-ary-pires-baiuo-de-dois-27-11-2019-foto\/\" class=\"wp-image-629\" srcset=\"https:\/\/sabialaranjeira.eca.usp.br\/wp-content\/uploads\/2021\/06\/EMEI-Mario-Ary-Pires-Baiuo-de-Dois-27.11.2019-foto.jpg 1024w, https:\/\/sabialaranjeira.eca.usp.br\/wp-content\/uploads\/2021\/06\/EMEI-Mario-Ary-Pires-Baiuo-de-Dois-27.11.2019-foto-300x225.jpg 300w, https:\/\/sabialaranjeira.eca.usp.br\/wp-content\/uploads\/2021\/06\/EMEI-Mario-Ary-Pires-Baiuo-de-Dois-27.11.2019-foto-768x576.jpg 768w\" sizes=\"auto, (max-width: 1024px) 100vw, 1024px\" \/><\/figure><\/li><li class=\"blocks-gallery-item\"><figure><img loading=\"lazy\" decoding=\"async\" width=\"1024\" height=\"576\" src=\"https:\/\/sabialaranjeira.eca.usp.br\/wp-content\/uploads\/2021\/06\/EMEF-Prof.-Aldo-Ribeiro-Luz-Duo-DOCOamore-02.12.2019-foto-1024x576.jpg\" alt=\"\" data-id=\"628\" data-full-url=\"https:\/\/sabialaranjeira.eca.usp.br\/wp-content\/uploads\/2021\/06\/EMEF-Prof.-Aldo-Ribeiro-Luz-Duo-DOCOamore-02.12.2019-foto.jpg\" data-link=\"https:\/\/sabialaranjeira.eca.usp.br\/emef-prof-aldo-ribeiro-luz-duo-docoamore-02-12-2019-foto\/\" class=\"wp-image-628\" srcset=\"https:\/\/sabialaranjeira.eca.usp.br\/wp-content\/uploads\/2021\/06\/EMEF-Prof.-Aldo-Ribeiro-Luz-Duo-DOCOamore-02.12.2019-foto-1024x576.jpg 1024w, https:\/\/sabialaranjeira.eca.usp.br\/wp-content\/uploads\/2021\/06\/EMEF-Prof.-Aldo-Ribeiro-Luz-Duo-DOCOamore-02.12.2019-foto-300x169.jpg 300w, https:\/\/sabialaranjeira.eca.usp.br\/wp-content\/uploads\/2021\/06\/EMEF-Prof.-Aldo-Ribeiro-Luz-Duo-DOCOamore-02.12.2019-foto-768x432.jpg 768w, https:\/\/sabialaranjeira.eca.usp.br\/wp-content\/uploads\/2021\/06\/EMEF-Prof.-Aldo-Ribeiro-Luz-Duo-DOCOamore-02.12.2019-foto.jpg 1032w\" sizes=\"auto, (max-width: 1024px) 100vw, 1024px\" \/><\/figure><\/li><li class=\"blocks-gallery-item\"><figure><img loading=\"lazy\" decoding=\"async\" width=\"1024\" height=\"576\" src=\"https:\/\/sabialaranjeira.eca.usp.br\/wp-content\/uploads\/2021\/06\/EMEF-Brasil-Japuo-Fala-da-Flauta-08.05.2019-foto.jpg\" alt=\"\" data-id=\"627\" data-full-url=\"https:\/\/sabialaranjeira.eca.usp.br\/wp-content\/uploads\/2021\/06\/EMEF-Brasil-Japuo-Fala-da-Flauta-08.05.2019-foto.jpg\" data-link=\"https:\/\/sabialaranjeira.eca.usp.br\/emef-brasil-japuo-fala-da-flauta-08-05-2019-foto\/\" class=\"wp-image-627\" srcset=\"https:\/\/sabialaranjeira.eca.usp.br\/wp-content\/uploads\/2021\/06\/EMEF-Brasil-Japuo-Fala-da-Flauta-08.05.2019-foto.jpg 1024w, https:\/\/sabialaranjeira.eca.usp.br\/wp-content\/uploads\/2021\/06\/EMEF-Brasil-Japuo-Fala-da-Flauta-08.05.2019-foto-300x169.jpg 300w, https:\/\/sabialaranjeira.eca.usp.br\/wp-content\/uploads\/2021\/06\/EMEF-Brasil-Japuo-Fala-da-Flauta-08.05.2019-foto-768x432.jpg 768w\" sizes=\"auto, (max-width: 1024px) 100vw, 1024px\" \/><\/figure><\/li><li class=\"blocks-gallery-item\"><figure><img loading=\"lazy\" decoding=\"async\" width=\"1024\" height=\"768\" src=\"https:\/\/sabialaranjeira.eca.usp.br\/wp-content\/uploads\/2021\/06\/EMEF-Arthur-Whitaker-Quarteto-Cromos-18.09.2019-foto.pdf-1024x768.jpg\" alt=\"\" data-id=\"626\" data-full-url=\"https:\/\/sabialaranjeira.eca.usp.br\/wp-content\/uploads\/2021\/06\/EMEF-Arthur-Whitaker-Quarteto-Cromos-18.09.2019-foto.pdf.jpg\" data-link=\"https:\/\/sabialaranjeira.eca.usp.br\/emef-arthur-whitaker-quarteto-cromos-18-09-2019-foto-pdf\/\" class=\"wp-image-626\" srcset=\"https:\/\/sabialaranjeira.eca.usp.br\/wp-content\/uploads\/2021\/06\/EMEF-Arthur-Whitaker-Quarteto-Cromos-18.09.2019-foto.pdf-1024x768.jpg 1024w, https:\/\/sabialaranjeira.eca.usp.br\/wp-content\/uploads\/2021\/06\/EMEF-Arthur-Whitaker-Quarteto-Cromos-18.09.2019-foto.pdf-300x225.jpg 300w, https:\/\/sabialaranjeira.eca.usp.br\/wp-content\/uploads\/2021\/06\/EMEF-Arthur-Whitaker-Quarteto-Cromos-18.09.2019-foto.pdf-768x576.jpg 768w, https:\/\/sabialaranjeira.eca.usp.br\/wp-content\/uploads\/2021\/06\/EMEF-Arthur-Whitaker-Quarteto-Cromos-18.09.2019-foto.pdf.jpg 1136w\" sizes=\"auto, (max-width: 1024px) 100vw, 1024px\" \/><\/figure><\/li><li class=\"blocks-gallery-item\"><figure><img loading=\"lazy\" decoding=\"async\" width=\"869\" height=\"869\" src=\"https:\/\/sabialaranjeira.eca.usp.br\/wp-content\/uploads\/2021\/06\/cropped-oficinas-4.jpg\" alt=\"\" data-id=\"606\" data-full-url=\"https:\/\/sabialaranjeira.eca.usp.br\/wp-content\/uploads\/2021\/06\/cropped-oficinas-4.jpg\" data-link=\"https:\/\/sabialaranjeira.eca.usp.br\/cropped-oficinas-4-jpg\/\" class=\"wp-image-606\" srcset=\"https:\/\/sabialaranjeira.eca.usp.br\/wp-content\/uploads\/2021\/06\/cropped-oficinas-4.jpg 869w, https:\/\/sabialaranjeira.eca.usp.br\/wp-content\/uploads\/2021\/06\/cropped-oficinas-4-300x300.jpg 300w, https:\/\/sabialaranjeira.eca.usp.br\/wp-content\/uploads\/2021\/06\/cropped-oficinas-4-150x150.jpg 150w, https:\/\/sabialaranjeira.eca.usp.br\/wp-content\/uploads\/2021\/06\/cropped-oficinas-4-768x768.jpg 768w\" sizes=\"auto, (max-width: 869px) 100vw, 869px\" \/><\/figure><\/li><\/ul><\/figure>\n\n\n\n<p><\/p>\n<p><\/p>\n<p><\/p>\n<p><\/p>\n<p><\/p>\n<p><\/p>\n<p><\/p>\n","protected":false},"excerpt":{"rendered":"<p>NOSSA GALERIA DE RECORDA\u00c7\u00d5ES:<\/p>\n","protected":false},"author":4,"featured_media":0,"parent":0,"menu_order":0,"comment_status":"closed","ping_status":"closed","template":"page-templates\/full-width-page.php","meta":{"footnotes":""},"class_list":["post-120","page","type-page","status-publish","hentry"],"yoast_head":"<!-- This site is optimized with the Yoast SEO plugin v25.3.1 - https:\/\/yoast.com\/wordpress\/plugins\/seo\/ -->\n<title>Foto - Sabi\u00e1 Laranjeira<\/title>\n<meta name=\"robots\" content=\"index, follow, max-snippet:-1, max-image-preview:large, max-video-preview:-1\" \/>\n<link rel=\"canonical\" href=\"https:\/\/sabialaranjeira.eca.usp.br\/index.php\/foto\/\" \/>\n<meta property=\"og:locale\" content=\"pt_BR\" \/>\n<meta property=\"og:type\" content=\"article\" \/>\n<meta property=\"og:title\" content=\"Foto - Sabi\u00e1 Laranjeira\" \/>\n<meta property=\"og:description\" content=\"NOSSA GALERIA DE RECORDA\u00c7\u00d5ES:\" \/>\n<meta property=\"og:url\" content=\"https:\/\/sabialaranjeira.eca.usp.br\/index.php\/foto\/\" \/>\n<meta property=\"og:site_name\" content=\"Sabi\u00e1 Laranjeira\" \/>\n<meta property=\"article:modified_time\" content=\"2021-11-23T17:10:28+00:00\" \/>\n<meta property=\"og:image\" content=\"https:\/\/sabialaranjeira.eca.usp.br\/wp-content\/uploads\/2021\/06\/EMEI-Mario-Ary-Pires-Oficina-foto-1-1024x768.jpg\" \/>\n<meta name=\"twitter:card\" content=\"summary_large_image\" \/>\n<meta name=\"twitter:label1\" content=\"Est. tempo de leitura\" \/>\n\t<meta name=\"twitter:data1\" content=\"2 minutos\" \/>\n<script type=\"application\/ld+json\" class=\"yoast-schema-graph\">{\"@context\":\"https:\/\/schema.org\",\"@graph\":[{\"@type\":\"WebPage\",\"@id\":\"https:\/\/sabialaranjeira.eca.usp.br\/index.php\/foto\/\",\"url\":\"https:\/\/sabialaranjeira.eca.usp.br\/index.php\/foto\/\",\"name\":\"Foto - Sabi\u00e1 Laranjeira\",\"isPartOf\":{\"@id\":\"https:\/\/sabialaranjeira.eca.usp.br\/#website\"},\"primaryImageOfPage\":{\"@id\":\"https:\/\/sabialaranjeira.eca.usp.br\/index.php\/foto\/#primaryimage\"},\"image\":{\"@id\":\"https:\/\/sabialaranjeira.eca.usp.br\/index.php\/foto\/#primaryimage\"},\"thumbnailUrl\":\"https:\/\/sabialaranjeira.eca.usp.br\/wp-content\/uploads\/2021\/06\/EMEI-Mario-Ary-Pires-Oficina-foto-1-1024x768.jpg\",\"datePublished\":\"2021-06-01T12:02:57+00:00\",\"dateModified\":\"2021-11-23T17:10:28+00:00\",\"breadcrumb\":{\"@id\":\"https:\/\/sabialaranjeira.eca.usp.br\/index.php\/foto\/#breadcrumb\"},\"inLanguage\":\"pt-BR\",\"potentialAction\":[{\"@type\":\"ReadAction\",\"target\":[\"https:\/\/sabialaranjeira.eca.usp.br\/index.php\/foto\/\"]}]},{\"@type\":\"ImageObject\",\"inLanguage\":\"pt-BR\",\"@id\":\"https:\/\/sabialaranjeira.eca.usp.br\/index.php\/foto\/#primaryimage\",\"url\":\"https:\/\/sabialaranjeira.eca.usp.br\/wp-content\/uploads\/2021\/06\/EMEI-Mario-Ary-Pires-Oficina-foto-1.jpg\",\"contentUrl\":\"https:\/\/sabialaranjeira.eca.usp.br\/wp-content\/uploads\/2021\/06\/EMEI-Mario-Ary-Pires-Oficina-foto-1.jpg\",\"width\":1158,\"height\":869},{\"@type\":\"BreadcrumbList\",\"@id\":\"https:\/\/sabialaranjeira.eca.usp.br\/index.php\/foto\/#breadcrumb\",\"itemListElement\":[{\"@type\":\"ListItem\",\"position\":1,\"name\":\"In\u00edcio\",\"item\":\"https:\/\/sabialaranjeira.eca.usp.br\/\"},{\"@type\":\"ListItem\",\"position\":2,\"name\":\"Foto\"}]},{\"@type\":\"WebSite\",\"@id\":\"https:\/\/sabialaranjeira.eca.usp.br\/#website\",\"url\":\"https:\/\/sabialaranjeira.eca.usp.br\/\",\"name\":\"Sabi\u00e1 Laranjeira\",\"description\":\"\",\"publisher\":{\"@id\":\"https:\/\/sabialaranjeira.eca.usp.br\/#organization\"},\"potentialAction\":[{\"@type\":\"SearchAction\",\"target\":{\"@type\":\"EntryPoint\",\"urlTemplate\":\"https:\/\/sabialaranjeira.eca.usp.br\/?s={search_term_string}\"},\"query-input\":{\"@type\":\"PropertyValueSpecification\",\"valueRequired\":true,\"valueName\":\"search_term_string\"}}],\"inLanguage\":\"pt-BR\"},{\"@type\":\"Organization\",\"@id\":\"https:\/\/sabialaranjeira.eca.usp.br\/#organization\",\"name\":\"Sabi\u00e1 Laranjeira\",\"url\":\"https:\/\/sabialaranjeira.eca.usp.br\/\",\"logo\":{\"@type\":\"ImageObject\",\"inLanguage\":\"pt-BR\",\"@id\":\"https:\/\/sabialaranjeira.eca.usp.br\/#\/schema\/logo\/image\/\",\"url\":\"https:\/\/sabialaranjeira.eca.usp.br\/wp-content\/uploads\/2021\/05\/cropped-PNG-Logo-Sabia-Corrigida-Sem-Fundo-Branco.png\",\"contentUrl\":\"https:\/\/sabialaranjeira.eca.usp.br\/wp-content\/uploads\/2021\/05\/cropped-PNG-Logo-Sabia-Corrigida-Sem-Fundo-Branco.png\",\"width\":1267,\"height\":1646,\"caption\":\"Sabi\u00e1 Laranjeira\"},\"image\":{\"@id\":\"https:\/\/sabialaranjeira.eca.usp.br\/#\/schema\/logo\/image\/\"}}]}<\/script>\n<!-- \/ Yoast SEO plugin. -->","yoast_head_json":{"title":"Foto - Sabi\u00e1 Laranjeira","robots":{"index":"index","follow":"follow","max-snippet":"max-snippet:-1","max-image-preview":"max-image-preview:large","max-video-preview":"max-video-preview:-1"},"canonical":"https:\/\/sabialaranjeira.eca.usp.br\/index.php\/foto\/","og_locale":"pt_BR","og_type":"article","og_title":"Foto - Sabi\u00e1 Laranjeira","og_description":"NOSSA GALERIA DE RECORDA\u00c7\u00d5ES:","og_url":"https:\/\/sabialaranjeira.eca.usp.br\/index.php\/foto\/","og_site_name":"Sabi\u00e1 Laranjeira","article_modified_time":"2021-11-23T17:10:28+00:00","og_image":[{"url":"https:\/\/sabialaranjeira.eca.usp.br\/wp-content\/uploads\/2021\/06\/EMEI-Mario-Ary-Pires-Oficina-foto-1-1024x768.jpg","type":"","width":"","height":""}],"twitter_card":"summary_large_image","twitter_misc":{"Est. tempo de leitura":"2 minutos"},"schema":{"@context":"https:\/\/schema.org","@graph":[{"@type":"WebPage","@id":"https:\/\/sabialaranjeira.eca.usp.br\/index.php\/foto\/","url":"https:\/\/sabialaranjeira.eca.usp.br\/index.php\/foto\/","name":"Foto - Sabi\u00e1 Laranjeira","isPartOf":{"@id":"https:\/\/sabialaranjeira.eca.usp.br\/#website"},"primaryImageOfPage":{"@id":"https:\/\/sabialaranjeira.eca.usp.br\/index.php\/foto\/#primaryimage"},"image":{"@id":"https:\/\/sabialaranjeira.eca.usp.br\/index.php\/foto\/#primaryimage"},"thumbnailUrl":"https:\/\/sabialaranjeira.eca.usp.br\/wp-content\/uploads\/2021\/06\/EMEI-Mario-Ary-Pires-Oficina-foto-1-1024x768.jpg","datePublished":"2021-06-01T12:02:57+00:00","dateModified":"2021-11-23T17:10:28+00:00","breadcrumb":{"@id":"https:\/\/sabialaranjeira.eca.usp.br\/index.php\/foto\/#breadcrumb"},"inLanguage":"pt-BR","potentialAction":[{"@type":"ReadAction","target":["https:\/\/sabialaranjeira.eca.usp.br\/index.php\/foto\/"]}]},{"@type":"ImageObject","inLanguage":"pt-BR","@id":"https:\/\/sabialaranjeira.eca.usp.br\/index.php\/foto\/#primaryimage","url":"https:\/\/sabialaranjeira.eca.usp.br\/wp-content\/uploads\/2021\/06\/EMEI-Mario-Ary-Pires-Oficina-foto-1.jpg","contentUrl":"https:\/\/sabialaranjeira.eca.usp.br\/wp-content\/uploads\/2021\/06\/EMEI-Mario-Ary-Pires-Oficina-foto-1.jpg","width":1158,"height":869},{"@type":"BreadcrumbList","@id":"https:\/\/sabialaranjeira.eca.usp.br\/index.php\/foto\/#breadcrumb","itemListElement":[{"@type":"ListItem","position":1,"name":"In\u00edcio","item":"https:\/\/sabialaranjeira.eca.usp.br\/"},{"@type":"ListItem","position":2,"name":"Foto"}]},{"@type":"WebSite","@id":"https:\/\/sabialaranjeira.eca.usp.br\/#website","url":"https:\/\/sabialaranjeira.eca.usp.br\/","name":"Sabi\u00e1 Laranjeira","description":"","publisher":{"@id":"https:\/\/sabialaranjeira.eca.usp.br\/#organization"},"potentialAction":[{"@type":"SearchAction","target":{"@type":"EntryPoint","urlTemplate":"https:\/\/sabialaranjeira.eca.usp.br\/?s={search_term_string}"},"query-input":{"@type":"PropertyValueSpecification","valueRequired":true,"valueName":"search_term_string"}}],"inLanguage":"pt-BR"},{"@type":"Organization","@id":"https:\/\/sabialaranjeira.eca.usp.br\/#organization","name":"Sabi\u00e1 Laranjeira","url":"https:\/\/sabialaranjeira.eca.usp.br\/","logo":{"@type":"ImageObject","inLanguage":"pt-BR","@id":"https:\/\/sabialaranjeira.eca.usp.br\/#\/schema\/logo\/image\/","url":"https:\/\/sabialaranjeira.eca.usp.br\/wp-content\/uploads\/2021\/05\/cropped-PNG-Logo-Sabia-Corrigida-Sem-Fundo-Branco.png","contentUrl":"https:\/\/sabialaranjeira.eca.usp.br\/wp-content\/uploads\/2021\/05\/cropped-PNG-Logo-Sabia-Corrigida-Sem-Fundo-Branco.png","width":1267,"height":1646,"caption":"Sabi\u00e1 Laranjeira"},"image":{"@id":"https:\/\/sabialaranjeira.eca.usp.br\/#\/schema\/logo\/image\/"}}]}},"_links":{"self":[{"href":"https:\/\/sabialaranjeira.eca.usp.br\/index.php\/wp-json\/wp\/v2\/pages\/120","targetHints":{"allow":["GET"]}}],"collection":[{"href":"https:\/\/sabialaranjeira.eca.usp.br\/index.php\/wp-json\/wp\/v2\/pages"}],"about":[{"href":"https:\/\/sabialaranjeira.eca.usp.br\/index.php\/wp-json\/wp\/v2\/types\/page"}],"author":[{"embeddable":true,"href":"https:\/\/sabialaranjeira.eca.usp.br\/index.php\/wp-json\/wp\/v2\/users\/4"}],"replies":[{"embeddable":true,"href":"https:\/\/sabialaranjeira.eca.usp.br\/index.php\/wp-json\/wp\/v2\/comments?post=120"}],"version-history":[{"count":7,"href":"https:\/\/sabialaranjeira.eca.usp.br\/index.php\/wp-json\/wp\/v2\/pages\/120\/revisions"}],"predecessor-version":[{"id":1198,"href":"https:\/\/sabialaranjeira.eca.usp.br\/index.php\/wp-json\/wp\/v2\/pages\/120\/revisions\/1198"}],"wp:attachment":[{"href":"https:\/\/sabialaranjeira.eca.usp.br\/index.php\/wp-json\/wp\/v2\/media?parent=120"}],"curies":[{"name":"wp","href":"https:\/\/api.w.org\/{rel}","templated":true}]}}